the third derivative of b(s). Give c(2).
-4
Let k = 50 + -49. Let s be (4/10)/((-2)/(-10)). Let h(i) = i - 7*i + s*i. What is h(k)?
-4
Let x(u) = -13*u - 17. Let s(b) = 3*b + 4. Let v(p) = -9*s(p) - 2*x(p). Give v(-1).
-1
Let u(p) = -7 + 17 - 11 + p**3. Determine u(1).
0
Let z(u) = -u**2 - u + 7. Let q = -4 + 6. Suppose -k = k + q. Let i be (-1 - -1)/(k - -3). Calculate z(i).
7
Suppose -66 = -30*l + 41*l. Let z(x) be the second derivative of x**4/12 + x**3 - 7*x**2/2 - x. What is z(l)?
-7
Let x(c) = 3*c**3 + c**2 - 2*c + 1. Let q(r) = r**2 + 10*r + 10. Let k be q(-9). Let v be x(k). Let p(h) = 7 - 5*h + h**3 + 0 - 2*h**2 - 3 + h**2. Give p(v).
7
Let y be (-1 - -1) + (4 - 4). Let k be ((-2)/(-6) - y)*6. Let d(z) = 2*z - 6*z + z. What is d(k)?
-6
Let t(l) = 59 + 2*l - 21 - 26. Calculate t(-8).
-4
Let b(r) be the third derivative of 0 - 1/3*r**3 - 1/24*r**4 + 0*r - r**2. Give b(-6).
4
Let f(h) = -3*h + 3. Let o(y) = -y + 1. Let m be 224/120 - (-4)/30. Let t(c) = m*f(c) - 7*o(c). Give t(4).
3
Let j(b) be the third derivative of b**7/2520 + b**6/360 - b**5/60 + 2*b**2. Let c(w) be the third derivative of j(w). Calculate c(-5).
-8
Let k(z) be the second derivative of -z**5/20 + 5*z**4/12 - z**3/6 - z**2 + z. Suppose 25 - 70 = -4*q - 5*n, -5*q - 4*n = -45. Calculate k(q).
-7
Suppose 0 = -3*y + 6. Let a(l) = l + 2*l**2 - l**y + 5*l - 2*l**2. What is a(7)?
-7
Let r(p) be the first derivative of -p**2/2 - p + 1. Let k(h) = -5*h - 4. Let i(o) = k(o) - 2*r(o). Determine i(2).
-8
Let c(p) = p**3 - p**2 + 3*p + 4. Let t(r) = -r**3 - 4*r - 5. Let d(g) = 4*c(g) + 3*t(g). Suppose -3*a = -5*h - 37, -5*a + 41 = -a - 5*h. What is d(a)?
1
Let d(l) = l**2 + 3*l - 9. Let o(h) = 2*h**2 + 2*h - 10. Let u(y) = -3*d(y) + 2*o(y). Determine u(5).
7
Let t = -3 + -2. Let q(r) be the third derivative of -r**4/24 - r**3/6 - 2*r**2 - 4. What is q(t)?
4
Let c(s) = 13 - 22 + 5 + 11 + s. Determine c(0).
7
Suppose -3*w + 21 = 3*y, -w + 10 = w. Let d(m) = 2 + 5 + y*m + 0 - 2. Suppose 0 = -4*r - 20. Determine d(r).
-5
Let l(n) = n - 10. Let g = -2 + -1. Let w(b) be the third derivative of b**4/24 + b**3/2 - 4*b**2. Let a be w(g). Calculate l(a).
-10
Let g(a) = 5*a**3 + a**2 + 5*a - 1. Suppose 4*k - 6 = -22. Let r(i) = 4*i**3 + 4*i - 1. Let n(b) = k*r(b) + 3*g(b). Determine n(3).
-2
Let f(y) = 8*y - 1. Let p(u) = 7*u - 1. Let j(s) = 4*f(s) - 5*p(s). Suppose -n = -5*o - 61, -5*o + 4*n - 35 = 29. Let d be ((-1)/(-2))/(6/o). Give j(d).
4
Suppose -r + 2*r + 7 = 4*b, b = -2*r + 4. Let a(n) = b - n - 1 + n**2 - 2*n**2. Let m be 5 + (-29)/3 + (-4)/(-6). Calculate a(m).
-11
Let l(n) = n - 2. Let g(u) be the first derivative of -u**3/3 + 3*u**2 + 6*u - 3. Let b be g(6). Determine l(b).
4
Let h be (-88)/(-14) + (-4)/14. Let a(x) = -x**3 + 7*x**2 - 5*x - 3. Let j be a(h). Let d(l) = -2 + 0*l**2 - 2*l + j*l**2 + 5 - l**3. Calculate d(2).
3
Let a(m) = 3*m**2 - 3*m. Let c be a(2). Let s(x) = 2*x - 4. Let r be s(3). Let z(d) = -c + 3*d**2 - d**3 - 4*d**2 + r*d - 3*d**2. Determine z(-5).
9
Let j(q) be the first derivative of -q**4/4 - 2*q**3/3 + q**2 + 4*q + 34. Determine j(-3).
7
Let p(x) = 5*x**2 - 7*x + 4. Let o(f) be the second derivative of f**4/12 + 5*f. Let v(n) = -4*o(n) + p(n). Calculate v(4).
-8
Let p(b) = b**2 - 2. Let x(d) = -d**2 - 7*d - 6. Let u be x(-5). Suppose -v = -0*v, 0 = -u*k + 3*v. Determine p(k).
-2
Let n(l) = 14*l - 12*l + 16 - 11. Determine n(-4).
-3
Let q = 12 + -9. Suppose 2*v - q*v = 3. Let d(r) = 9*r**2 + 6. Let c(g) = -5*g**2 - 3. Let z(w) = -11*c(w) - 6*d(w). What is z(v)?
6
Let m(w) = -w**3 - 8*w**2 + 9*w - 3. Let d be m(-9). Let s be ((-6)/(-2) - 3)*-1. Let c be s + d - (-2 + -1). Let b(o) = o**3 + o**2 - o + 4. Give b(c).
4
Let l(s) = s**2 - 6*s + 4. Suppose -d + 2*d = -3*r + 17, -2*r = -5*d. Suppose -d*h - m + 22 = 2*m, 0 = -3*h - 4*m + 31. Give l(h).
-1
Let f(k) = -k**2 - 2*k. Let r(p) = 5*p**3 - p**2 - 3*p - 1. Let i be r(-1). What is f(i)?
-8
Let v(k) be the third derivative of -k**5/5 - k**4/24 - 28*k**2. What is v(1)?
-13
Let j(v) = v**2 - v - 3. Let t(k) = -3*k**2 + 2*k + 9. Let p(q) = 8*j(q) + 3*t(q). Give p(-3).
0
Suppose 0 = -5*f + 2*f - 15. Let m(g) = -4*g**2 + 5*g**2 + 4*g + 0*g**2. Determine m(f).
5
Let i(d) = 3*d**2 + d + 1. Let g(v) = -3*v - 2. Let p be g(-2). Suppose -p*z + 16 = -3*m - m, 4*m = 5*z - 15. What is i(z)?
3
Let g be (-362)/(-120) - (8 - 5). Let h(z) be the third derivative of z**2 - g*z**5 + 1/24*z**4 - 3/40*z**6 + 1/6*z**3 + 0 + 0*z. Calculate h(-1).
8
Let h(p) = p**3 - 3*p**2 + p - 2. Let t = 183 - 181. Give h(t).
-4
Let n(f) = -7*f - 5. Let a(c) = -13*c - 10. Let h = 0 + 0. Suppose 5*i + 0*d = 5*d - 30, h = -2*i + 3*d - 12. Let y(z) = i*a(z) + 11*n(z). Give y(0).
5
Suppose 0 = -6*c + 4*c + 40. Suppose 0 = s + 4*s - 10. Suppose c = 3*l + s*l. Let k(r) = -2*r + 6. Give k(l).
-2
Let m(g) be the third derivative of -g**4/3 - g**3/6 + g**2. Let i(f) = -6 - 1 - f + 2*f. Let d be i(6). Calculate m(d).
7
Let s(m) be the third derivative of m**8/20160 + m**6/360 - m**5/30 - 3*m**2. Let k(y) be the third derivative of s(y). Let v = -4 - -6. Calculate k(v).
6
Let g(q) = q**2 + 2*q - 1. Let j be g(1). Let d be (-26)/4 + (-1)/j. Let w(a) = -a - 2. Let s be w(d). Let v(m) = -m**3 + 4*m**2 + 4*m + 6. Calculate v(s).
1
Let u(z) = -39*z + 13. Let h(i) = 19*i - 6. Let d(t) = -7*h(t) - 3*u(t). Calculate d(2).
-29
Suppose 3*f + 2*q - 7 = 3, 4 = -3*f + 5*q. Let k(d) = 3*d + 5*d**f + 0*d**3 + 0 + d**3 - 1 + 4. Give k(-5).
-12
Suppose k - 2*z - 2*z = -14, -4*k + 20 = 3*z. Let a(o) = 3*o**2 - k*o**2 + o**2 + 1 + 0*o**2 + 3*o. Give a(-2).
3
Let f = 13 - 8. Let j(b) = -4*b**2 + 1 + 8*b**2 - b - b**3 + b**2 + 0*b**2. Give j(f).
-4
Let j(d) = d - 4. Let h be j(10). Let g(l) = 5*l**3 + 13*l**2 + 2*l - 6. Let i(a) = 11*a**3 + 27*a**2 + 5*a - 12. Let m(r) = h*i(r) - 13*g(r). What is m(6)?
-6
Suppose -5*u + 8*u - 120 = 0. Let m be u/50 - (-9)/(-5). Let s(k) = 2 + 3*k + 3*k - 1. Give s(m).
-5
Let m(f) = -4*f**2 + 4 + 3*f + 2*f**2 + 0*f - f. Determine m(3).
-8
Let a(j) = -6*j**2 + 6*j - 5. Let m = -2 + 8. Let t(w) = m - 2*w**2 - 7*w + 3*w**2 + 4*w**2. Let f(q) = -6*a(q) - 5*t(q). Give f(1).
10
Let j(h) = 4*h**2 - 6*h - 7. Let k be j(5). Let o be k/(-14)*2/(-3). Let c(x) = 2*x - x**3 - 2*x**3 + 0 - 3 - x**2 + 2*x**o. What is c(2)?
-11
Suppose -q - 21 = -4*w, -5*q - 2*w = 9 + 30. Let j(k) = k**3 + 10*k**2 + 9*k + 5. Let b be j(q). Let f(d) = -2 - 2 - 4 + b - 2*d. Give f(-5).
7
Let n(b) be the second derivative of 2*b + 1/20*b**5 + 0 + 1/3*b**4 - 1/2*b**3 - 5/2*b**2. What is n(-4)?
7
Suppose -3 = 2*m + m. Let o(u) = -6*u + 5. Suppose 2*w = 7*w + 25, w = -i - 9. Let y(j) = -6*j + 6. Let k(q) = i*y(q) + 5*o(q). Calculate k(m).
7
Let b = -6 - -7. Let w(h) = 10*h - 1. What is w(b)?
9
Let z(t) = -t**3 + 4*t**2 + 6*t + 6. Let l be z(5). Let o(u) = u + l*u**3 + u**2 - 10 + 10. Give o(-1).
-11
Let x(j) = -40*j**2 + 120*j**2 - 41*j**2 - 40*j**2 - 5 - 5*j. Calculate x(-5).
-5
Let i(b) be the third derivative of b**5/60 + 5*b**4/24 + b**3/2 + 6*b**2. What is i(-5)?
3
Let s be 14/8 - 1/(-4). Let q(n) = 3*n - 3. Let f be q(s). Let d(k) = -4*k**3 + 3*k**f - 7 + 4*k - 5*k - 5*k**2. What is d(-5)?
-2
Let o(y) be the first derivative of 1/2*y**2 - 1 + 2*y**3 + 0*y. What is o(1)?
7
Let r(a) = 1 - 16*a**3 + 0 + 6*a**2 + 7*a**3 + 10*a**3 + 7*a. Calculate r(-5).
-9
Let a = -1 + 2. Let k = -7 + 13. Let y(w) = -1 - 4 - k*w + 2 + a - w**2. Calculate y(-4).
6
Let c(u) = 3*u - 5. Suppose v + 0*v = 0. Suppose -3*f = -v*f - 5*q + 10, -f + 5*q = -10. Let j be 15/f*(-16)/6. Calculate c(j).
7
Let z(q) = -q**3 + q**2 - 1. Let b(o) = -4*o**2 - 6*o - o**3 + 12*o**2 - 2*o**3. Let l(c) = -b(c) + 2*z(c). What is l(4)?
-10
Suppose 0 = -p + 5*f - 29 + 7, 4*f - 29 = -3*p. Let i(m) = -m**3 + 3*m**2 - 2*m. What is i(p)?
-6
Let i(u) = u + 1. Let l be i(2). Let o(s) = 0*s**2 + l*s**2 + 0*s**2 - 2*s**2. Let v(h) = 4*h**2 + h - 1. Let x(a) = 3*o(a) - v(a). Give x(-4).
-11
Let z(p) = 5*p - 3*p - p**3 - 4 - p**2 + 7*p**2 + 0*p**2. Give z(6).
8
Let m(v) = -7*v**3 + 5*v**2 - v - 1. Let z(d) = -13*d**3 - 5 + 4 - 2*d + 9*d**2 - 1 + 0. Let w(g) = 11*m(g) - 6*z(g). Give w(0).
1
Let z(b) = 3*b**3 + 8*b**2 + 2*b + 3. Let g(k) = -4*k**3 - 9*k**2 - 2*k - 3. Let j(q) = -2*g(q) - 3*z(q). Calculate j(-6).
9
Let d(k) be the th